) = -d**2 + 8081*d - 241448. Calculate p(30).
82
Let z(j) = -j**2 - 25743*j + 77227. What is z(3)?
-11
Let w(p) = -p**3 - 65*p**2 + 107*p + 6913. Give w(-65).
-42
Let w(x) = -2591*x - 1912202. Calculate w(-738).
-44
Let b(r) = -r**3 - 276*r**2 - 486*r - 211355. Determine b(-277).
-4
Let r(q) = -q**3 + 20*q**2 + 35*q - 252. Give r(16).
1332
Let w(b) = 8335*b - 58348. Calculate w(7).
-3
Let m(c) = 2*c**3 - 85*c**2 - 3*c + 1739. Give m(42).
-151
Let y(z) = 7*z**3 - 38*z**2 + 230*z + 18. Give y(5).
1093
Let w(h) = 11*h**3 + 196*h**2 + 18*h + 780. What is w(-18)?
-192
Let j(l) = -4*l**3 - 692*l**2 - 18480*l - 62. What is j(-140)?
-62
Let w(y) = -y**2 + 1118*y + 23826. What is w(-21)?
-93
Let k(a) = -4*a**2 + 559*a + 149. Give k(140).
9
Let a(l) = -l**2 - 1069*l + 12907. Determine a(12).
-65
Let o(a) = 8*a**2 - 31*a - 199. What is o(5)?
-154
Let j(z) = -z**2 + 416493*z + 5414601. Determine j(-13).
23
Let q(l) = 38*l**3 + 4*l**2 - 16*l - 88. What is q(-3)?
-1030
Let y(k) = 2*k**3 + 40*k**2 + 2*k - 482. Determine y(-19).
202
Let h(c) = -2609*c + 236. What is h(0)?
236
Let y(v) = 286*v**2 + 273*v - 552. Calculate y(2).
1138
Let m(y) = -2*y**2 - 115*y + 427. Determine m(-61).
0
Let x(i) = 4*i**2 - 495*i + 2235. Give x(119).
-26
Let v(s) = 3*s**2 - 190*s - 33069. Calculate v(142).
443
Let f(z) = -13556*z + 81435. Calculate f(6).
99
Let o(x) = x**2 + 64*x - 3520. What is o(40)?
640
Let s(u) = -5*u**2 - 107*u + 1367. Calculate s(-16).
1799
Let m(s) = -746*s + 7388. What is m(10)?
-72
Let j(n) = 113*n**2 - 27159*n + 9337. Give j(240).
-23
Let q(y) = 1011*y**2 + 12121*y + 16. What is q(-12)?
148
Let m(p) = -p**3 + 34*p**2 - 104*p - 182. Calculate m(31).
-523
Let n(v) = -v**3 + 34*v**2 - 132*v + 370. Give n(30).
10
Let h(u) = -4*u**3 - 139*u**2 - 113*u - 249. Give h(-34).
125
Let a(x) = 40*x**2 - 50*x - 346. What is a(-5)?
904
Let l(w) = -6308*w - 63078. What is l(-10)?
2
Let x(q) = -2*q**2 + 11*q + 1354. Give x(-28).
-522
Let c(k) = 6*k**2 - 91*k + 44. Determine c(12).
-184
Let k(y) = y**2 + 4995*y + 1779082. What is k(-386)?
8
Let y(v) = 2862*v**3 + 343440*v**2 + v + 123. Determine y(-120).
3
Let x(b) = -1130*b + 467. Calculate x(1).
-663
Let t(o) = -3*o**3 + 231*o**2 - 11*o + 1515. Determine t(77).
668
Let u(g) = -g**3 + 126*g**2 - 809*g - 124. Calculate u(119).
2732
Let k(u) = -47*u**2 + 3395*u - 21470. What is k(7)?
-8
Let i(x) = -5*x**2 - 2434*x + 207492. Give i(74).
-4
Let l(t) = 4*t**2 - 40*t + 382. Calculate l(6).
286
Let k(y) = 5*y**3 - 18*y**2 - 118*y - 172. Determine k(-2).
-48
Let k(u) = -895*u**2 + 3255*u - 3254. Calculate k(1).
-894
Let w(g) = -g**2 + 16523*g + 911780. What is w(-55)?
-10
Let i(b) = -3*b**3 + 35*b**2 - 43*b + 613. Determine i(11).
382
Let b(d) = -2*d**2 - 312*d - 108. Calculate b(-160).
-1388
Let f(b) = -b**3 - 275*b**2 - 16506*b - 13039. Give f(-87).
11
Let k(v) = -6680*v - 40098. What is k(-6)?
-18
Let o(j) = -3*j**2 + 425*j - 4273. What is o(10)?
-323
Let u(r) = 31362*r + 125634. Determine u(-4).
186
Let j(f) = -f**3 - 488*f**2 + 855*f - 61237. Determine j(-490).
13
Let f(w) = -10*w**2 + 1977*w + 258. Determine f(198).
-336
Let k(n) = n**3 + 2*n**2 - 1659*n + 4565. Calculate k(-43).
93
Let y(n) = -16271*n + 16414. What is y(1)?
143
Let y(x) = x**3 - 29*x**2 + 30*x + 51. What is y(2)?
3
Let p(i) = 7*i**3 + 268*i**2 + 61*i - 580. What is p(-38)?
-10
Let k(q) = 1058*q - 5256. Calculate k(7).
2150
Let a(g) = g**3 + 6*g**2 - 62*g - 302. Determine a(-4).
-22
Let q(r) = -2*r**3 + 19*r**2 + 93*r - 1197. Give q(12).
-801
Let o(z) = -334*z + 2151. What is o(6)?
147
Let d(j) = -355*j**2 - 149098*j + 856. Calculate d(-420).
16
Let z(y) = 66590*y - 2863351. What is z(43)?
19
Let v(j) = -j**3 - 100*j**2 - 205*j - 923. What is v(-98)?
-41
Let r(h) = -2*h**3 + 1005*h**2 - 7414*h - 5272. Calculate r(495).
173
Let c(o) = 45*o**2 - 2258*o + 2577. Calculate c(49).
-20
Let z(p) = -p**2 - 13630*p - 773667. Calculate z(-57).
-6
Let f(i) = 21*i**2 + 3267*i - 404. Determine f(-156).
1000
Let n(b) = -38*b - 5608. What is n(-152)?
168
Let d(a) = 368995*a - 16973766. What is d(46)?
4
Let j(d) = 10*d**2 - 798*d + 7982. Give j(68).
-42
Let y(w) = 3*w**3 + 84*w**2 - 1134*w + 315. Give y(-38).
87
Let h(v) = -13*v**2 - 214*v - 584. Give h(-13).
1
Let l(u) = -2*u**3 + 126*u**2 + 163*u + 501. Give l(64).
2741
Let o(s) = 2*s**3 - 8*s**2 - 654*s + 6679. Determine o(11).
1179
Let f(i) = 6*i**3 + 11*i**2 - 13*i - 3. Calculate f(7).
2503
Let n(z) = 43420*z + 4515698. Give n(-104).
18
Let a(p) = 10*p**2 - 224*p - 4003. Calculate a(39).
2471
Let m(l) = -12*l**3 - 13*l**2 - 322*l + 1532. Determine m(5).
-1903
Let f(w) = -6*w**3 + 15*w**2 + 946*w + 251. Determine f(14).
-29
Let u(k) = k**3 + 44*k**2 + 5536*k + 258885. Give u(-46).
-3
Let s(f) = 105976*f - 741840. Give s(7).
-8
Let m(n) = 2*n**3 + 81*n**2 - 126*n + 50. What is m(-42)?
50
Let y(u) = 4886*u + 2320904. What is y(-475)?
54
Let o(v) = -1669*v - 11694. Calculate o(-7).
-11
Let z(q) = 723*q - 6309. Give z(12).
2367
Let f(o) = 34*o**2 + 1147*o - 317. What is f(-34)?
-11
Let o(p) = -3*p**3 - 28*p**2 + 216*p + 73. What is o(-14)?
-207
Let n(q) = 12*q**3 - 2446*q**2 - 5356*q - 12. Give n(206).
-12
Let i(w) = 26336*w - 157988. What is i(6)?
28
Let t(r) = -29*r**3 + 95*r**2 - 341*r - 1. Determine t(3).
-952
Let y(u) = 15*u**2 - 5201*u - 22369. What is y(351)?
95
Let p(x) = 24612*x + 270747. Calculate p(-11).
15
Let w(d) = d**3 + 8*d**2 - 389*d - 4114. Calculate w(-16).
62
Let f(g) = -g**2 + 715*g + 114745. What is f(850)?
-5
Let p(n) = 4*n**3 + 4*n**2 - 14*n - 12. What is p(-5)?
-342
Let u(d) = 158*d**2 - 122134*d - 6. Give u(773).
-6
Let x(d) = -125388*d + 752322. Calculate x(6).
-6
Let n(q) = -q**3 - 67*q**2 - 380*q - 73. Calculate n(-6).
11
Let u(v) = -3*v**3 - 287*v**2 + 91*v - 1014. Determine u(-96).
-534
Let n(a) = a**3 - 685*a**2 + 5417*a + 4. Determine n(8).
12
Let r(j) = 80880*j + 2345485. What is r(-29)?
-35
Let q(p) = -2*p**3 + 38*p**2 + 158*p - 2349. Calculate q(20).
11
Let b(r) = 9*r**2 - 204*r - 15839. Determine b(56).
961
Let m(k) = k**3 - 52*k**2 - 1328*k + 72286. Determine m(49).
11
Let s(d) = d**3 + 294*d**2 - 1204*d - 1939. Calculate s(-298).
1637
Let v(x) = 2*x**3 - 1007*x**2 - 28677*x - 813. Determine v(-27).
-3
Let c(a) = -a**3 + 346*a**2 - 1387*a + 6518. Determine c(342).
20
Let p(z) = z**2 + 285*z - 26617. Determine p(-360).
383
Let n(f) = -f**3 + 322*f**2 - 17*f + 7375. Calculate n(322).
1901
Let i(f) = 7770*f + 2719515. Calculate i(-350).
15
Let l(w) = 9*w**2 - 508*w + 2449. What is l(13)?
-2634
Let q(w) = w**3 + 11*w**2 + 26*w + 1315. Determine q(-15).
25
Let p(q) = -100*q**2 + 2671*q + 3631. What is p(28)?
19
Let b(n) = -238513*n + 1192543. Give b(5).
-22
Let d(g) = 4*g**3 + 1711*g**2 - 27029*g - 2691. Give d(-443).
-33
Let f(y) = 166781*y + 5170340. What is f(-31)?
129
Let x(y) = -210*y**2 + 2285*y + 275. Give x(11).
0
Let b(x) = -78*x - 971. Give b(-12).
-35
Let w(d) = -1409*d - 6057. What is w(-6)?
2397
Let l(s) = -s**2 + 371*s - 34330. What is l(171)?
-130
Let c(d) = 2*d**3 + 41*d**2 - 1672*d + 10. Give c(-41).
-359
Let l(k) = 17*k**2 - 5890*k + 2400. Determine l(346).
-368
Let s(w) = -6562*w - 25717. Determine s(-4).
531
Let l(a) = 4*a**3 - 22*a**2 + 4*a - 5. Give l(5).
-35
Let a(x) = 22*x**2 - 1833*x + 436. Give a(83).
-145
Let x(t) = -t**3 + 93*t**2 + 157*t - 4483. Calculate x(94).
1439
Let d(o) = -o**2 + 357*o + 30848. What is d(-74)?
-1046
Let k(d) = -39*d - 17842. What is k(-458)?
20
Let s(h) = 4436*h + 62103. Give s(-14).
-1
Let l(u) = 1195*u - 353694. Calculate l(296).
26
Let a(n) = 46*n**2 - 148*n + 53. Calculate a(3).
23
Let m(h) = -15*h**2 - 1491*h - 3210. Give m(-97).
282
Let f(j) = 6*j**3 - 934*j**2 - 286*j - 4055. Determine f(156).
1
Let o(g) = 186*g - 1022. What is o(5)?
-92
Let q(h) = -12*h**3 + h**2 + 53*h + 94. What is q(0)?
94
Let j(i) = 26214*i - 1. What is j(0)?
-1
Let p(s) = 5*s**3 - 522*s**2 - 3168*s + 299560. Calculate p(105).
-5
Let g(b) = -b**2 - 67*b + 1062. Give g(-78).
204
Let n(t) = -74*t**2 - 420*t - 51. What is n(-5)?
199
Let b(f) = 13917*f - 5344134. Determine b(384).
-6
Let v(p) = -2547*p + 5212. Calculate v(2).
118
Let k(f) = 4*f**2 - 472*f + 9936. What is k(93)?
636
Let b(z) = 1940*z - 180913. Calculate b(95).
3387
Let z(d) = 16*d**2 - 2315*d 